ber?
True
Let n be 2/(-3)*(-3 + 6). Is -3 - (92 - n)*-1 a prime number?
False
Let r(d) be the second derivative of d**5/24 - 5*d**4/12 + d**3/3 - 3*d. Let y(i) be the second derivative of r(i). Is y(13) a composite number?
True
Let l(w) = 10*w**2 - 3*w - 12. Is l(-5) a composite number?
True
Suppose -3*t + 1935 = 3*p, 0*t = 2*p - t - 1278. Is p composite?
False
Let u(s) = -8*s - 9. Is u(-11) composite?
False
Is (-8)/(168/(-48097)) - 4/(-6) a composite number?
True
Let u(p) = -5*p**3 - 1. Let v be u(-1). Suppose 0 = -3*z - v*a - 14, 16 - 37 = -3*z + 3*a. Is (2/z)/1 + 76 prime?
False
Let m(j) = -j**3 + 2*j**2 - 6*j + 4. Let a = -14 - -9. Is m(a) composite?
True
Suppose y + 2*q = -3, q = -y + 3*q - 7. Let o(r) = -r - 1. Let g be o(y). Suppose b = g*p + 13, b + 17 = -4*p + 46. Is b a prime number?
False
Let u be 0 + (-6 - -3) + 0. Is (-536)/12*u/2 prime?
True
Let j(t) = -t**3 + 4*t**2 - 4*t + 2. Let u = 7 + -5. Let x be j(u). Suppose -43 = -x*s + 3*g, 6*s - 3*s - 66 = 3*g. Is s composite?
False
Let m(h) = -4*h**2 + 5*h**2 + 4*h + 10 + 3 - 5. Is m(7) composite?
True
Suppose -z + 3*m = -77, 4*m = -6*z + z + 480. Let i(b) = -2*b**3 - 5*b**2 - b - 3. Let l be i(-4). Let r = z - l. Is r composite?
False
Let p be -2*4/8 + -3. Is ((-38)/3)/(p/42) a prime number?
False
Suppose -5*d + 0*a = -4*a - 379, -3*d - 5*a + 257 = 0. Is d prime?
True
Let l(j) = 681*j + 13. Is l(6) prime?
True
Let p = 51 + -29. Is p composite?
True
Let c = -2895 - -5835. Suppose -h + c = 5*z, z - 1757 = -2*z - 2*h. Is z prime?
False
Let z(l) = -16*l - 7. Let w be z(-6). Let k = -54 + w. Is k a prime number?
False
Suppose -9 = -4*x - 29. Let o(z) = 6*z**2 - z - 6. Let r(p) = -17*p**2 + 2*p + 17. Let i(v) = -11*o(v) - 4*r(v). Is i(x) a composite number?
True
Let k(i) = 91*i**3 + 4*i**2 - 2*i - 3. Is k(2) a prime number?
False
Suppose h + 3*a + 0*a - 1367 = 0, 0 = -h - 4*a + 1369. Is h prime?
True
Let a(v) = 4*v**2 - 14*v - 67. Is a(21) composite?
True
Suppose 0 = -v + 2 - 1. Is v/2 - (-8883)/14 a prime number?
False
Let b(t) = 2*t**2 + t - t + 2*t. Let l be b(2). Let u = l - -43. Is u a prime number?
False
Let b(c) be the first derivative of 2*c**2 + 2*c - 4. Let d be b(5). Suppose 160 = 2*l + d. Is l a composite number?
True
Let z(n) = -20*n - 6. Let b be z(-9). Suppose 0 = 4*k - 2*k - b. Is k prime?
False
Is 21932/7 + 4/(-28) prime?
False
Suppose -4*p + 0*p + b - 312 = 0, -12 = -3*b. Suppose 5*k + 3*r = 2*r + 72, 3*k + 2*r = 46. Is (-123)/(-11) + k/p a prime number?
True
Suppose -3*r + 8185 = -5*h, h + 13671 = 5*r - 0*h. Suppose 0 = 9*v - 14*v + r. Is v a composite number?
False
Let n be 2 - (-2 - -4 - 183). Let y = n + -118. Is y a composite number?
True
Let b(x) = -2*x**2 - 2. Let j be b(6). Let d be (j/((-2)/2))/2. Suppose -5*o + 5 = t, 2*o = -3*t - 2*o + d. Is t a composite number?
True
Let u = -23 + 71. Suppose -318 = -4*g + 70. Let s = g - u. Is s composite?
True
Let r = 513 - -1636. Is r a composite number?
True
Let l(z) = -2*z**3 - 4*z**2 + 3*z + 1. Let c be l(-4). Suppose -g = -0*g - c. Is g composite?
False
Let w(y) = y**2 + 7*y - 6. Let t be w(-9). Suppose -t = -4*m + 224. Is m a prime number?
True
Let a(w) = w + 9. Let p be a(-8). Let f = 5 - p. Suppose 2*m - 288 + 10 = -f*u, -3*u - 124 = -m. Is m prime?
False
Let u be 238/3 - (-4)/(-12). Suppose u = -t + 312. Is t composite?
False
Let g = 11 + -60. Let j = g + 176. Is j prime?
True
Let p(j) = 24*j + 17. Let h be p(15). Let a = 1012 - h. Is a a composite number?
True
Suppose 0*r + 10 = 5*r. Let f = 4 - r. Is (0 + f)/(2/49) composite?
True
Suppose 4*k = -5*l - 1199, 3*l - 2*k - 1197 = 8*l. Let b = -116 - l. Is b composite?
True
Suppose -8760 - 7075 = -5*v + u, -25 = 5*u. Is v a composite number?
True
Let h = -5 + -1. Let c(l) = -l + 8. Is c(h) prime?
False
Let x(v) = v**2 + 9*v - 5. Suppose 5*f + 48 = p, 5*p = -4*f + p - 48. Let s be x(f). Suppose -w - 5*u + 2 = 0, s*w - u - 4*u = 10. Is w a composite number?
False
Let t be (2/4)/((-2)/(-4)). Suppose 4*s = 19 + t. Suppose 0*b - 95 = -s*b. Is b composite?
False
Let q(u) be the first derivative of 3*u**2 - 3. Let h be q(9). Let a = h - 21. Is a a composite number?
True
Is 3120/14 + 2/14 a composite number?
False
Is (-4 + 10)/((-8)/(-1228)) a composite number?
True
Let r(f) = -4*f**3 + 20*f + 3. Is r(-10) a prime number?
True
Let m(u) = u**3 - 5*u**2 + 6*u - 6. Let f be m(4). Suppose p = f*p. Suppose 0*x - 5*x + 265 = p. Is x a composite number?
False
Let y(p) = 32*p**2 + 6*p + 6. Let o(t) = -t**2 - t - 1. Let l(s) = -4*o(s) - y(s). Let j be l(4). Let w = j - -823. Is w prime?
False
Suppose 0 = 2*t - 62. Is t composite?
False
Let p(k) = -5*k**3 + 4*k**2 + 2*k - 3. Let z(b) = -6*b**3 + 4*b**2 + 3*b - 2. Let r(h) = -5*p(h) + 4*z(h). Is r(6) prime?
False
Let d(y) = -110*y + 1. Is d(-2) prime?
False
Let g be (-2)/((-12)/(-58))*-15. Suppose -4*b + g = -75. Is b prime?
False
Let h(i) = -2*i**3 + 2*i + 1. Let u be h(-1). Is ((-10)/(-4))/(u/10) composite?
True
Let z(t) = t**3 + 19*t**2 - 3*t + 4. Is z(-17) a composite number?
True
Is (-1395 + -18)*1/(-3) prime?
False
Let m(a) = 5*a + 41. Is m(6) a composite number?
False
Let i = 455 + -218. Is i a composite number?
True
Suppose a + 3*p + 12 = 0, 2*p - 2 = -6*a + 2*a. Let g = 4 + -1. Is a - (9 - g) - -290 composite?
True
Let w = 27 + -8. Is w a prime number?
True
Is (1 - 4) + (-11 - -135) a prime number?
False
Suppose 7*w = 3*w - 4. Is 145/20*(-8)/w a composite number?
True
Suppose 0*i - 5*i = 0. Suppose i = 2*f - k - 10, 5*f + 5*k - 11 = -1. Is ((f - 2) + 15)*7 prime?
False
Let j(i) be the third derivative of -i**6/120 + 7*i**5/60 - i**4/6 - i**3/3 - i**2. Suppose 30 = -2*a + 6*a - 2*o, -3 = -2*a - 3*o. Is j(a) a composite number?
True
Suppose -j = 5*f - 31, -4*f - 11 = j - 46. Suppose -2*r + 87 + j = 0. Is r composite?
True
Suppose -5*u = -u. Let x be 1/(-3)*(-12 + u). Suppose -5*b - x*d + 27 = 0, 4*b - 4*d = 28 + 8. Is b a prime number?
True
Let n(c) be the first derivative of -47*c**2 - 3*c + 1. Let w(a) = -a**3 + 6*a**2 - 2*a + 10. Let t be w(6). Is n(t) a prime number?
False
Suppose v + 10544 = 9*v. Is v a prime number?
False
Suppose 22*i = 24*i. Let c(q) = q**2 - 2*q + 53 + 2*q + q. Is c(i) composite?
False
Suppose 4*n - 43 = y, -3*n + 0*y = -4*y - 42. Suppose -5*v + 10*v = n. Suppose -f - 776 = -3*p, 1293 = -p + 6*p - v*f. Is p a composite number?
True
Let a = -251 - -179. Let s = a - -109. Is s composite?
False
Let a(s) = s**2 + s + 1. Let k be a(-2). Suppose -k*q = 2*q - 745. Is q a composite number?
False
Is 214 + (3 - 0)/(-1) prime?
True
Suppose 5*h + 19 = 44. Suppose 15 = -h*g + 5. Is g + 12*-1*-1 a prime number?
False
Let z(c) = 2*c**2 + 9*c + 2. Is z(-9) prime?
True
Let b = -5 + 8. Suppose -93 = b*h - 360. Is h composite?
False
Suppose -4*m - 4*j + 44 = 0, -m + 2*j + 14 = m. Suppose m*b - 3846 = 3*b. Is b a composite number?
False
Suppose -1 = -n + 1. Let l be n/((-1)/((-5)/2)). Suppose 0*m - 16 = -l*m + k, -3*m = -k - 10. Is m composite?
False
Let u be (1/2)/((-7)/(-28)). Suppose 0 = 3*r - 4*n - 16, 2*r - u*n = 3*n + 13. Suppose 18 = r*p - 2*p. Is p a composite number?
True
Let z = 62 - -110. Suppose -3*m + 42 = -2*m + 3*u, -5*m + 4*u = -z. Suppose -75 - m = -3*o. Is o prime?
True
Suppose 5*j - 10 - 15 = 0. Suppose 2*l - 5 = -i, l = j*i - 2*i - 36. Is i prime?
True
Let q = -3 + 6. Suppose -q*o + 2*o + 14 = 0. Is o prime?
False
Let i be (-312 + 4)/(-1 - 0). Let b = 601 - i. Is b prime?
True
Suppose k - d - d = 7, 0 = 3*k - d - 6. Is 4*(-149)/(-4)*k a composite number?
False
Let y(s) = -49*s + 3. Let z be y(-3). Let b = z - 91. Is b prime?
True
Let f(i) = -19*i + 2. Is f(-5) a composite number?
False
Let r(f) = -f + 8. Let y be r(6). Suppose -3*u + 1907 = 5*n, y*n + 2*u = 219 + 547. Is n a prime number?
True
Is (1592/(-24))/((-34)/(-18) + -2) a prime number?
False
Let s(a) = 65*a - 3. Let g(t) = t - 9. Let i be g(11). Is s(i) composite?
False
Suppose v - 2*x - 104 = 33, -x - 142 = -v. Suppose 0 = 3*h + 3*f - 108, -4*h - f + v = -0*f. Is h composite?
False
Suppose 0 = -3*d + d + 374. Is d prime?
False
Let n be (-10)/(-25) + (-18)/(-5). Suppose -n*s - 1100 = 1436. Is (-3)/(-18) + s/(-12) prime?
True
Let i(m) = m**2 + m - 10. Let f be i(7). Suppose 2*n - f = n. Is n a prime number?
False
Let b = 1250 + -855. Is b compo